{"id":33,"date":"2020-01-04T16:36:56","date_gmt":"2020-01-04T16:36:56","guid":{"rendered":"http:\/\/zydowskidomseniora.com\/?page_id=33"},"modified":"2020-01-21T13:05:42","modified_gmt":"2020-01-21T13:05:42","slug":"porady-kulinarne","status":"publish","type":"page","link":"https:\/\/zydowskidomseniora.com\/?page_id=33","title":{"rendered":"Porady Kulinarne"},"content":{"rendered":"\n<p><strong>jak cebula zosta\u0142a kr\u00f3low\u0105? <\/strong><\/p>\n\n\n\n<div class=\"wp-block-image\"><figure class=\"alignright is-resized\"><img loading=\"lazy\" decoding=\"async\" src=\"https:\/\/static.gotujmy.pl\/ZDJECIE_PRZEPISU_ETAP\/zapiekana-zupa-cebulowa-482388.jpg\" alt=\"Znalezione obrazy dla zapytania cebulowa\" width=\"247\" height=\"183\"\/><\/figure><\/div>\n\n\n\n<p>Pami\u0119tam swoj\u0105 pierwsza wizyt\u0119 w gabinecie dentystycznym. By\u0142o g\u0142o\u015bno bo krzycza\u0142am jak przysta\u0142o na pi\u0119ciolatk\u0119. Zamkn\u0119\u0142am si\u0119 dopiero po tym jak przekupi\u0142a mnie mama pi\u0119kn\u0105 kolorow\u0105 ksi\u0105\u017ceczk\u0105.<\/p>\n\n\n\n<p>Nie by\u0142a to ostatnia wizyta w tym miejscu, lecz pierwsza a potem nast\u0105pi\u0142y liczne kolejne. Z\u0119by psu\u0142y si\u0119 jak szalone a stosowany proszek do z\u0119b\u00f3w by\u0142 ma\u0142o skuteczny. No c\u00f3\u017c, takie by\u0142y czasy. Wizyty u pani dentystki wygl\u0105da\u0142y jak powtarzaj\u0105cy si\u0119 rytua\u0142. Du\u017cy fotel, moja otwarta na ca\u0142\u0105 szeroko\u015b\u0107 buzia, gro\u017any\u00a0 d\u017awi\u0119k wiert\u0142a i ten peda\u0142 pod nog\u0105 pani doktor przypominaj\u0105cy peda\u0142 maszyny do szycia. Koszmar. Z buzia wypchan\u0105 lignin\u0105 opuszcza\u0142am gabinet a w poczekalni ze wsp\u00f3\u0142czuciem witali mnie inni nieszcz\u0119\u015bnicy z r\u00f3wnie wypchanymi buziami. Istna rewia otwartych szcz\u0119k. Na szcz\u0119\u015bcie wyjecha\u0142am na studia i to uratowa\u0142o moja szcz\u0119k\u0119 przed ca\u0142kowit\u0105 utrat\u0105 z\u0119b\u00f3w. No nie do ko\u0144ca, to \u017ce jeszcze pozosta\u0142y mi jakie\u015b w\u0142asne z\u0119by zawdzi\u0119czam cebuli.<\/p>\n\n\n\n<p>Mi\u0142o\u015b\u0107 do cebuli odziedziczy\u0142am w genach. Zawsze wola\u0142am \u015bledzia z cebul\u0105 ni\u017c kaszk\u0119 mann\u0105. Kanapka ze smalcem z plastrami posolonej cebuli z gor\u0105ca s\u0142odka herbatk\u0105, pyszno\u015bci a\u017c \u015blinka leci.<\/p>\n\n\n\n<p><br><\/p>\n","protected":false},"excerpt":{"rendered":"<p>jak cebula zosta\u0142a kr\u00f3low\u0105? Pami\u0119tam swoj\u0105 pierwsza wizyt\u0119 w gabinecie dentystycznym. By\u0142o g\u0142o\u015bno bo krzycza\u0142am jak przysta\u0142o na pi\u0119ciolatk\u0119. Zamkn\u0119\u0142am si\u0119 dopiero po tym jak przekupi\u0142a mnie mama pi\u0119kn\u0105 kolorow\u0105 ksi\u0105\u017ceczk\u0105. Nie by\u0142a to ostatnia wizyta w tym miejscu, lecz pierwsza a potem nast\u0105pi\u0142y liczne kolejne. Z\u0119by psu\u0142y si\u0119 jak szalone a stosowany proszek do <a href=\"https:\/\/zydowskidomseniora.com\/?page_id=33\" class=\"more-link\">Czytaj dalej...<span class=\"screen-reader-text\"> \"Porady Kulinarne\"<\/span><\/a><\/p>\n","protected":false},"author":1,"featured_media":0,"parent":0,"menu_order":0,"comment_status":"closed","ping_status":"closed","template":"page-templates\/full-width.php","meta":{"footnotes":""},"class_list":["post-33","page","type-page","status-publish","h-entry","hentry","h-as-page"],"_links":{"self":[{"href":"https:\/\/zydowskidomseniora.com\/index.php?rest_route=\/wp\/v2\/pages\/33","targetHints":{"allow":["GET"]}}],"collection":[{"href":"https:\/\/zydowskidomseniora.com\/index.php?rest_route=\/wp\/v2\/pages"}],"about":[{"href":"https:\/\/zydowskidomseniora.com\/index.php?rest_route=\/wp\/v2\/types\/page"}],"author":[{"embeddable":true,"href":"https:\/\/zydowskidomseniora.com\/index.php?rest_route=\/wp\/v2\/users\/1"}],"replies":[{"embeddable":true,"href":"https:\/\/zydowskidomseniora.com\/index.php?rest_route=%2Fwp%2Fv2%2Fcomments&post=33"}],"version-history":[{"count":4,"href":"https:\/\/zydowskidomseniora.com\/index.php?rest_route=\/wp\/v2\/pages\/33\/revisions"}],"predecessor-version":[{"id":461,"href":"https:\/\/zydowskidomseniora.com\/index.php?rest_route=\/wp\/v2\/pages\/33\/revisions\/461"}],"wp:attachment":[{"href":"https:\/\/zydowskidomseniora.com\/index.php?rest_route=%2Fwp%2Fv2%2Fmedia&parent=33"}],"curies":[{"name":"wp","href":"https:\/\/api.w.org\/{rel}","templated":true}]}}