{"id":296,"date":"2020-02-04T10:56:20","date_gmt":"2020-02-04T10:56:20","guid":{"rendered":"http:\/\/zydowskidomseniora.com\/?page_id=296"},"modified":"2020-09-24T10:15:07","modified_gmt":"2020-09-24T10:15:07","slug":"zih","status":"publish","type":"page","link":"https:\/\/zydowskidomseniora.com\/?page_id=296","title":{"rendered":"\u017bIH"},"content":{"rendered":"\n<p><strong><span class=\"has-inline-color has-vivid-purple-color\">\u017bYDOWSKI INSTYTUT HISTORYCZNY IM. EMANUELA RINGELBLUMA<\/span><\/strong><\/p>\n\n\n\n<p>\u017bydowski Instytut Historyczny mie\u015bci si\u0119 w gmachu o d\u0142ugoletniej tradycji. Przed II wojn\u0105 \u015bwiatow\u0105 budynek by\u0142 siedzib\u0105 G\u0142\u00f3wnej Biblioteki Judaistycznej i Instytutu Nauk Judaistycznych. Gmach G\u0142\u00f3wnej biblioteki Judaistycznej zbudowano w s\u0105siedztwie Wielkiej Synagogi (projektu L. Marconiego), tworz\u0105c w ten spos\u00f3b ciekawy kompleks architektoniczny. Niestety 16 maja 1943 roku po upadku powstania w Getcie Warszawskim hitlerowcy wysadzili w powietrze Wielk\u0105 Synagog\u0119 i podpalili Bibliotek\u0119. Do tej pory wida\u0107 \u015blady po\u017caru na posadzce w hollu budynku. 1 pa\u017adziernika 1947 roku powsta\u0142 \u017bydowski Instytut Historyczny z siedzib\u0105 w odbudowanym gmachu przy ulicy T\u0142omackie.<br>Misj\u0105 \u017bIH jest upowszechnianie wiedzy na temat dziedzictwa tysi\u0105cletniej obecno\u015bci \u017byd\u00f3w na ziemiach polskich. Instytut realizuje ten cel m. in. przez prezentacj\u0119 swoich zbior\u00f3w na wystawie sta\u0142ej, wystawach czasowych, organizowania konferencji naukowych, prowadzenie dzia\u0142alno\u015bci naukowej, edukacyjnej i wydawniczej.<br>Biblioteka judaistyczna \u017bIH liczy ponad 85 tys. wolumin\u00f3w i zainteresowani mog\u0105 z nich skorzysta\u0107 w czytelni.<br>Archiwum \u017bIH posiada 7 mln r\u00f3\u017cnorakich dokument\u00f3w. Najwa\u017cniejsz\u0105 cz\u0119\u015bci\u0105 zbior\u00f3w jest Archiwum Podziemnego Getta Warszawy \u2013 Archiwum Ringelbluma.<br>Kilka lat temu otwarta zosta\u0142a w \u017bIH wystawa sta\u0142a pod nazw\u0105 \u201eCzego nie mogli\u015bmy wykrzycze\u0107 \u015bwiatu\u201d. Wiod\u0105cym tematem wystawy jest dzia\u0142alno\u015b\u0107 w Getcie Warszawskim konspiracyjnej grupy Oneg Szabat pod przewodnictwem historyka Emanuela Ringelbluma. Zbierano zgodnie z naukowymi zasadami wszelkie dokumenty b\u0119d\u0105ce \u015bwiadectwem \u017cycia w getcie i o stopniowej zag\u0142adzie jej mieszka\u0144c\u00f3w. Materia\u0142y te zosta\u0142y ukryte w jednej z piwnic getta m. in. w ba\u0144kach po mleku i w du\u017cej cz\u0119\u015bci odnalezione po wojnie. Zgodnie z zaleceniami konserwator\u00f3w papierowe dokumenty wystawione w gablotach s\u0105 okresowo wymieniane w celu zapewnienia im ochrony i przedstawienia zwiedzaj\u0105cym nowych dokument\u00f3w z Archiwum Ringelbluma.<br>Ponadto \u017bIH organizuje ciekawe wystawy czasowe, o kt\u00f3rych informacje zamieszcza na stronie Instytutu.<\/p>\n\n\n\n<p><strong>Adres: ul. T\u0142omackie 3\/5, 00-090 Warszawa, tel: 22\/827 92 21<\/strong><br><a href=\"http:\/\/www.jhi.pl\/\" target=\"_blank\" rel=\"noreferrer noopener\"><strong>http:\/\/www.jhi.pl\/<\/strong><\/a><\/p>\n\n\n\n<div class=\"wp-block-image\"><figure class=\"alignleft size-large\"><img loading=\"lazy\" decoding=\"async\" width=\"568\" height=\"380\" src=\"https:\/\/zydowskidomseniora.com\/wp-content\/uploads\/2020\/09\/ZIH-siedziba.jpg\" alt=\"\" class=\"wp-image-679\" srcset=\"https:\/\/zydowskidomseniora.com\/wp-content\/uploads\/2020\/09\/ZIH-siedziba.jpg 568w, https:\/\/zydowskidomseniora.com\/wp-content\/uploads\/2020\/09\/ZIH-siedziba-300x201.jpg 300w\" sizes=\"auto, (max-width: 568px) 100vw, 568px\" \/><\/figure><\/div>\n","protected":false},"excerpt":{"rendered":"<p>\u017bYDOWSKI INSTYTUT HISTORYCZNY IM. EMANUELA RINGELBLUMA \u017bydowski Instytut Historyczny mie\u015bci si\u0119 w gmachu o d\u0142ugoletniej tradycji. Przed II wojn\u0105 \u015bwiatow\u0105 budynek by\u0142 siedzib\u0105 G\u0142\u00f3wnej Biblioteki Judaistycznej i Instytutu Nauk Judaistycznych. Gmach G\u0142\u00f3wnej biblioteki Judaistycznej zbudowano w s\u0105siedztwie Wielkiej Synagogi (projektu L. Marconiego), tworz\u0105c w ten spos\u00f3b ciekawy kompleks architektoniczny. Niestety 16 maja 1943 roku po <a href=\"https:\/\/zydowskidomseniora.com\/?page_id=296\" class=\"more-link\">Czytaj dalej...<span class=\"screen-reader-text\"> \"\u017bIH\"<\/span><\/a><\/p>\n","protected":false},"author":1,"featured_media":0,"parent":0,"menu_order":0,"comment_status":"closed","ping_status":"closed","template":"page-templates\/full-width.php","meta":{"footnotes":""},"class_list":["post-296","page","type-page","status-publish","h-entry","hentry","h-as-page"],"_links":{"self":[{"href":"https:\/\/zydowskidomseniora.com\/index.php?rest_route=\/wp\/v2\/pages\/296","targetHints":{"allow":["GET"]}}],"collection":[{"href":"https:\/\/zydowskidomseniora.com\/index.php?rest_route=\/wp\/v2\/pages"}],"about":[{"href":"https:\/\/zydowskidomseniora.com\/index.php?rest_route=\/wp\/v2\/types\/page"}],"author":[{"embeddable":true,"href":"https:\/\/zydowskidomseniora.com\/index.php?rest_route=\/wp\/v2\/users\/1"}],"replies":[{"embeddable":true,"href":"https:\/\/zydowskidomseniora.com\/index.php?rest_route=%2Fwp%2Fv2%2Fcomments&post=296"}],"version-history":[{"count":3,"href":"https:\/\/zydowskidomseniora.com\/index.php?rest_route=\/wp\/v2\/pages\/296\/revisions"}],"predecessor-version":[{"id":680,"href":"https:\/\/zydowskidomseniora.com\/index.php?rest_route=\/wp\/v2\/pages\/296\/revisions\/680"}],"wp:attachment":[{"href":"https:\/\/zydowskidomseniora.com\/index.php?rest_route=%2Fwp%2Fv2%2Fmedia&parent=296"}],"curies":[{"name":"wp","href":"https:\/\/api.w.org\/{rel}","templated":true}]}}