{"id":292,"date":"2020-02-04T10:55:11","date_gmt":"2020-02-04T10:55:11","guid":{"rendered":"http:\/\/zydowskidomseniora.com\/?page_id=292"},"modified":"2020-12-12T14:10:56","modified_gmt":"2020-12-12T14:10:56","slug":"teatry","status":"publish","type":"page","link":"https:\/\/zydowskidomseniora.com\/?page_id=292","title":{"rendered":"Teatry"},"content":{"rendered":"\n<p class=\"has-text-color has-vivid-purple-color\"> Teatr \u017bydowski w Warszawie<br><\/p>\n\n\n\n<figure class=\"wp-block-gallery columns-0 is-cropped wp-block-gallery-1 is-layout-flex wp-block-gallery-is-layout-flex\"><ul class=\"blocks-gallery-grid\"><\/ul><\/figure>\n\n\n\n<div class=\"wp-block-image\"><figure class=\"aligncenter\"><img decoding=\"async\" src=\"https:\/\/www.rdc.pl\/wp-content\/uploads\/2019\/09\/teatr-zydowski2.jpg\" alt=\"Warszawa. Teatr \u017bydowski mo\u017ce przenie\u015b\u0107 si\u0119 na Scen\u0119 na Woli \u2013 Warszawa i  Mazowsze \u2013 najnowsze wiadomo\u015bci w RDC\"\/><\/figure><\/div>\n\n\n\n<div class=\"wp-block-image\"><figure class=\"aligncenter is-resized\"><img loading=\"lazy\" decoding=\"async\" src=\"https:\/\/ebilet-media.azureedge.net\/media\/4733\/tz_duza_scena_fotawencel450.jpg\" alt=\"Teatr \u017bydowski - eBilet.pl\" width=\"708\" height=\"357\"\/><\/figure><\/div>\n\n\n\n<div class=\"wp-block-image\"><figure class=\"aligncenter is-resized\"><img loading=\"lazy\" decoding=\"async\" src=\"https:\/\/bi.im-g.pl\/im\/8b\/46\/13\/z20210059V,Teatr-Zydowski-w-Warszawie--Trwa-spor-aktorow-z-de.jpg\" alt=\"Zaostrza si\u0119 sp\u00f3r o Teatr \u017bydowski w Warszawie. Dyrekcja kontra deweloper\" width=\"707\" height=\"470\"\/><\/figure><\/div>\n","protected":false},"excerpt":{"rendered":"<p>Teatr \u017bydowski w Warszawie<\/p>\n","protected":false},"author":1,"featured_media":0,"parent":0,"menu_order":0,"comment_status":"closed","ping_status":"closed","template":"page-templates\/full-width.php","meta":{"footnotes":""},"class_list":["post-292","page","type-page","status-publish","h-entry","hentry","h-as-page"],"_links":{"self":[{"href":"https:\/\/zydowskidomseniora.com\/index.php?rest_route=\/wp\/v2\/pages\/292","targetHints":{"allow":["GET"]}}],"collection":[{"href":"https:\/\/zydowskidomseniora.com\/index.php?rest_route=\/wp\/v2\/pages"}],"about":[{"href":"https:\/\/zydowskidomseniora.com\/index.php?rest_route=\/wp\/v2\/types\/page"}],"author":[{"embeddable":true,"href":"https:\/\/zydowskidomseniora.com\/index.php?rest_route=\/wp\/v2\/users\/1"}],"replies":[{"embeddable":true,"href":"https:\/\/zydowskidomseniora.com\/index.php?rest_route=%2Fwp%2Fv2%2Fcomments&post=292"}],"version-history":[{"count":3,"href":"https:\/\/zydowskidomseniora.com\/index.php?rest_route=\/wp\/v2\/pages\/292\/revisions"}],"predecessor-version":[{"id":729,"href":"https:\/\/zydowskidomseniora.com\/index.php?rest_route=\/wp\/v2\/pages\/292\/revisions\/729"}],"wp:attachment":[{"href":"https:\/\/zydowskidomseniora.com\/index.php?rest_route=%2Fwp%2Fv2%2Fmedia&parent=292"}],"curies":[{"name":"wp","href":"https:\/\/api.w.org\/{rel}","templated":true}]}}